n divisor of 454116 and 162786.
78
Calculate the highest common factor of 6030 and 245308842.
1206
What is the greatest common factor of 34328 and 86?
2
What is the greatest common factor of 27911739 and 113033?
1853
What is the highest common factor of 2014 and 848?
106
Calculate the highest common divisor of 180 and 4369869.
9
Calculate the highest common divisor of 4103272 and 113666.
706
What is the highest common factor of 88 and 849256276?
44
What is the greatest common factor of 58259 and 100878?
391
What is the greatest common factor of 74120950 and 15?
5
Calculate the greatest common factor of 7 and 201181.
1
Calculate the greatest common factor of 32 and 29263348.
4
What is the highest common divisor of 2588252 and 6169?
31
Calculate the greatest common factor of 951324 and 11.
11
Calculate the greatest common factor of 11485 and 12225.
5
What is the greatest common factor of 686 and 265160?
14
What is the highest common factor of 237973743 and 9?
9
Calculate the highest common divisor of 15 and 1275819.
3
What is the highest common divisor of 40 and 6662690?
10
What is the highest common factor of 4520 and 2880370?
1130
Calculate the greatest common divisor of 4804 and 87193801.
1201
Calculate the highest common factor of 1584 and 5703390.
198
Calculate the highest common factor of 2261176 and 621.
23
What is the highest common factor of 40 and 285568760?
40
What is the greatest common divisor of 111629 and 440818?
259
What is the greatest common divisor of 38149568 and 342?
38
Calculate the highest common factor of 37255153 and 1391.
1391
Calculate the greatest common factor of 49 and 34929503.
49
What is the greatest common divisor of 309430 and 113245?
1595
What is the greatest common divisor of 22 and 552642?
2
Calculate the highest common divisor of 27716 and 69033627.
6929
Calculate the greatest common divisor of 38 and 91121416.
38
What is the greatest common factor of 54677 and 68255?
73
Calculate the greatest common divisor of 75718926 and 6.
6
What is the highest common factor of 9827 and 76725?
31
Calculate the highest common factor of 32718 and 120786.
246
What is the highest common factor of 25778430 and 45?
45
What is the highest common divisor of 2040 and 1888680?
120
What is the greatest common factor of 690687041 and 9658?
4829
What is the greatest common divisor of 38397646 and 154?
14
What is the greatest common divisor of 239540 and 1624580?
580
What is the highest common factor of 27715860 and 50?
10
Calculate the highest common divisor of 2765 and 59645.
395
Calculate the highest common divisor of 8418 and 97842.
138
Calculate the greatest common divisor of 552 and 7065784.
184
What is the greatest common divisor of 2064 and 34048776?
1032
Calculate the greatest common divisor of 2880 and 782506944.
576
What is the greatest common factor of 52 and 519141194?
26
What is the highest common divisor of 25594 and 250178?
134
What is the greatest common divisor of 108 and 26851014?
54
Calculate the highest common divisor of 103451067 and 4311.
4311
What is the greatest common divisor of 3712 and 19649878?
58
What is the highest common divisor of 42625 and 1240?
155
Calculate the greatest common factor of 51015 and 2231056.
3401
What is the highest common factor of 30060 and 1197891?
1503
Calculate the greatest common divisor of 35669301 and 8635.
157
Calculate the highest common factor of 18 and 24332972.
2
Calculate the greatest common factor of 130 and 780410.
10
Calculate the greatest common divisor of 678760387 and 917.
131
Calculate the greatest common divisor of 494505957 and 9844.
2461
Calculate the highest common divisor of 214353 and 278772381.
12609
What is the greatest common divisor of 825 and 6872325?
75
Calculate the greatest common divisor of 489 and 3916564.
163
Calculate the greatest common divisor of 243860968 and 13.
13
Calculate the highest common divisor of 59890528 and 552.
184
What is the highest common factor of 15212255 and 235?
235
What is the greatest common divisor of 1659930 and 12?
6
Calculate the greatest common divisor of 11253 and 5743749.
363
What is the greatest common divisor of 15345528 and 44?
44
Calculate the highest common factor of 2889412 and 4.
4
What is the highest common factor of 16713697 and 1298?
649
What is the highest common divisor of 50513996 and 762?
254
Calculate the greatest common factor of 84 and 131732832.
84
What is the highest common divisor of 360 and 948411?
9
Calculate the highest common factor of 21527551 and 33041.
893
What is the greatest common divisor of 1137794700 and 294?
294
What is the greatest common factor of 572044 and 176?
44
What is the greatest common factor of 486 and 43908?
6
Calculate the greatest common divisor of 555 and 13932615.
15
What is the highest common factor of 368009 and 6797?
971
What is the greatest common divisor of 32143212 and 10944?
684
What is the highest common factor of 2426450 and 12350?
650
Calculate the greatest common divisor of 177 and 13102.
1
What is the greatest common divisor of 145860 and 105859?
221
What is the greatest common divisor of 30955 and 37297?
151
What is the highest common factor of 110675 and 359200?
25
What is the greatest common factor of 7784 and 172248244?
3892
What is the highest common factor of 14598 and 59690411?
811
What is the highest common factor of 3009 and 36827151?
3009
What is the greatest common factor of 180195768 and 24?
24
Calculate the highest common divisor of 8027 and 12681613.
349
Calculate the greatest common divisor of 5324 and 718696.
44
Calculate the greatest common divisor of 5082 and 246150300.
726
What is the greatest common divisor of 15262678 and 258?
86
Calculate the greatest common factor of 168700 and 13300.
700
Calculate the greatest common factor of 1680 and 38471536.
16
What is the highest common divisor of 6024 and 697126396?
1004
Calculate the highest common factor of 45229234 and 1492.
746
Calculate the highest common factor of 767 and 20250216.
59
Calculate the highest common divisor of 368904 and 966872.
152
Calculate the greatest common factor of 267527 and 13351.
169
What is the greatest common divisor of 62451 and 16194855?
771
What is the greatest common divisor of 16892 and 18169406?
206
What is the greatest common factor of 202002 and 1360558?
514
What is the highest common factor of 107800546 and 3031?
3031
Calculate the highest common divisor of 47809222 and 19984.
2498
What is the greatest common factor of 31573880 and 4160?
520
Calculate the greatest common divisor of 541565556 and 469.
469
What is the highest common factor of 201 and 27349869?
201
Calculate the greatest common divisor of 140 and 199321580.
20
What is the highest common factor of 312 and 31893?
3
What is the highest common factor of 769625 and 375577?
6157
What is the greatest common factor of 295720912 and 64?
16
Calculate the highest common divisor of 26940 and 286320.
60
Calculate the highest common factor of 20055 and 222405.
15
What is the highest common factor of 11003448 and 36?
12
Calculate the highest common divisor of 15821080 and 86920.
1640
Calculate the greatest common factor of 152 and 12549557.
19
What is the greatest common factor of 409 and 29319574?
409
What is the greatest common divisor of 52 and 94710356?
52
Calculate the highest common divisor of 15255 and 8910615.
1695
What is the highest common factor of 20793883 and 1502402?
15983
Calculate the highest common factor of 5680103 and 4784.
299
What is the highest common divisor of 176409 and 9792?
153
Calculate the greatest common divisor of 196373933 and 28303.
2573
What is the highest common factor of 224 and 190387456?
224
Calculate the greatest common divisor of 26343 and 7506.
9
What is the greatest common factor of 1481016 and 163944?
552
Calculate the highest common divisor of 3854813 and 38897.
401
Calculate the highest common factor of 5631000 and 20850.
150
What is the highest common divisor of 2459824 and 2396?
4
What is the highest common factor of 133247 and 126160?
19
Calculate the greatest common factor of 2806 and 720364738.
2806
What is the highest common divisor of 3356110 and 90?
10
Calculate the highest common divisor of 49078 and 12190.
106
What is the highest common factor of